
False
Let x(p) = p**2 + 4*p - 2. Let u be 9/(-4) - (-1)/4. Let j(h) = 3*h + 1. Let z be j(u). Is x(z) a composite number?
False
Suppose 0 = 2*y + 2*y + 36. Is (-587)/y + 4/(-18) a prime number?
False
Is (-3)/21 + ((-52866)/(-21))/3 a prime number?
True
Let s(h) be the third derivative of h**6/120 - h**5/12 - h**4/4 + 4*h**3/3 - 3*h**2. Let t be s(6). Let y(d) = d**2 - 2*d + 7. Is y(t) prime?
False
Suppose -5*d - o + 20 = -3*o, 0 = -3*o. Suppose d*f - 3*f - 79 = 0. Is f a composite number?
False
Suppose 3*r + 5*i = 31, 4*r + r + 4*i - 43 = 0. Let l = r + 6. Is l composite?
False
Suppose 990 = 2*a - z, z - 1788 - 180 = -4*a. Is a composite?
True
Let z be 6*3*(-2)/(-18). Let l = -4 + z. Let w = 24 + l. Is w composite?
True
Let l(z) = 58*z + 4. Let c be l(5). Let o = 467 - c. Suppose -7*p - 543 = -3*x - 4*p, -x = -3*p - o. Is x a prime number?
False
Let i = -15 + 8. Suppose 2*z + 2*r - 22 = 0, 5*z - 4*r + 0*r - 73 = 0. Let p = i + z. Is p a composite number?
True
Suppose 9*h = 5*h. Let s(p) = -p**3 + p**2 + 2*p + 505. Is s(h) prime?
False
Let n = -122 + -23. Let x = 300 + n. Is x a composite number?
True
Let z = -151 - -356. Is z composite?
True
Let m = 683 + -276. Is m prime?
False
Let y(l) = -4 + 0 + l - 7. Let b be y(0). Let j = 228 + b. Is j prime?
False
Suppose 2*c - 5*c = -6. Suppose -c*j = -4*j + 70. Suppose -r + j = -30. Is r composite?
True
Suppose r - 4*d + 10 = 0, 0*r - 2*d = -3*r. Suppose -p - r*p - l = -527, -l - 181 = -p. Is p composite?
True
Is (-2)/4 - 11035/(-10) a composite number?
False
Suppose 0*a = -5*a + k + 4535, -2*a - 4*k = -1814. Is a a composite number?
False
Let v(c) = -16*c - 1. Let l(u) = -8*u - 1. Let q(j) = 5*l(j) - 2*v(j). Is q(-5) a composite number?
False
Suppose -4*x + 2*g = -1010, -x + 520 = x + 4*g. Is x a prime number?
False
Suppose -z + 1 = 3. Is z + 2 - (-37)/1 a composite number?
False
Let v be 4441 - ((-3)/(-1) + -2). Let r be 2/5 - v/(-25). Is (r/(-8))/(2/(-8)) prime?
True
Let j be -1 + 0 - (-9 - -6). Is j/(4 + 990/(-249)) a prime number?
True
Let n(g) = -g**3 - 10*g**2 - 9*g. Let h be n(-9). Suppose 3*l = 5*l - 10. Suppose -4*o = -2*y - 730, h*y = -l*y + 25. Is o prime?
False
Let x = 128 - 38. Let p = x - 205. Let l = p - -200. Is l a composite number?
True
Suppose -2*s + 4196 = -0*s. Is s a composite number?
True
Suppose 3*t + 2*t + 65 = 0. Let q = t - -39. Is q composite?
True
Let j(n) be the third derivative of -n**5/60 + 5*n**4/24 - 2*n**3/3 + 2*n**2. Let u be j(4). Suppose -2*v + u*v + 62 = 0. Is v prime?
True
Let z = 238 - 93. Is z a composite number?
True
Let a = 214 + 197. Is a composite?
True
Suppose -2*b = 4*u - 7 - 13, 2*u = -5*b + 18. Suppose 0 = -u*i + f - 0*f + 414, -2*f = -2*i + 210. Suppose z = i - 26. Is z composite?
True
Suppose 2 = p + 3. Is -1 - ((p - 80) + 1) a prime number?
True
Suppose -2*z + 2*n + 1 = -191, -z - 2*n = -87. Is z prime?
False
Let m(w) = -w + 1. Let g be m(1). Let f(c) = c + 191. Is f(g) composite?
False
Let c = 227 - -753. Suppose 3*w + 2*w = -c. Let k = 285 + w. Is k prime?
True
Suppose 2*m - 3*b + 16 = -3*m, 5*b = m + 12. Let y be m/(-4) - (-795)/2. Suppose 5*z + 311 = 4*d, 7*d - 2*d + 3*z = y. Is d a prime number?
True
Let l = -434 + 7867. Is l prime?
True
Let o = 4 - 2. Suppose -o*r = 2*k - 3*k - 68, -k = 0. Let y = 71 - r. Is y composite?
False
Let b(d) = -4*d - 1. Let x be b(-7). Suppose -3*o - x = -0*o. Let c = o - -28. Is c a composite number?
False
Let d(g) be the third derivative of g**4/2 - g**3/2 + g**2. Is d(3) a prime number?
False
Suppose 6 = 5*u - 2*u. Suppose 3*m = u*c - 3*c + 173, 0 = -4*c - 3*m + 656. Is c a prime number?
False
Suppose 2*y = -3*r + 261, -3*r + 0*r + 5*y + 261 = 0. Is r a composite number?
True
Suppose -4*u - 345 = -x, -3*u - 1062 = 2*x - 5*x. Let v = -38 + x. Is v a composite number?
True
Let w = -17 - -18. Is (-53)/(-2) + w/(-2) composite?
True
Suppose 4*w - 5331 = -u + 1874, 3*u - 1804 = -w. Is w a composite number?
False
Let i = 41 - 9. Let s = i + -1. Is s composite?
False
Let p(a) = 11*a**2 + 4*a + 4. Is p(-5) a composite number?
True
Let o(h) = -40*h - 3. Suppose 2*z - 3 + 7 = 0. Is o(z) a composite number?
True
Suppose 125 = -2*v + 787. Suppose 2*t - m = -v, 4*t + 669 = -4*m - m. Is t/(-3) - (-1)/(-3) a composite number?
True
Let z be ((-18)/(-8))/(2/(-24)). Let d = z - -58. Is d composite?
False
Suppose -2*i = -i + 3*g - 19, 0 = -2*i - 2*g + 18. Let q(v) = -i*v + 2 - 2*v - 1 + 2*v**2 - 4. Is q(6) composite?
True
Let h = 221 - 15. Let k = h - -165. Is k prime?
False
Let r = 11 + -5. Suppose p = -p + r. Suppose 265 = 8*g - p*g. Is g a composite number?
False
Suppose 0 = 3*h - 0*h + 129. Let z = 96 + h. Is z composite?
False
Let g(o) = 3*o**2 - 10*o. Let k = -52 + 36. Let d = k + 23. Is g(d) a prime number?
False
Is (106/10)/((-1)/(-5)) a composite number?
False
Let n = 38 + -23. Let p be (12/n)/((-2)/(-5)). Suppose -p*m + 4*m = 138. Is m prime?
False
Suppose -4*t = 4*g - 2168, 0 = 4*g - 4*t - 899 - 1261. Is g composite?
False
Let g = 427 - 222. Is g prime?
False
Suppose 4*r - 3*o = 11, 3*r - 2*o + 2 = 9. Let j be r/(-3)*(-1 - -7). Suppose -2*g + 508 = j*g. Is g a composite number?
False
Let h(b) = 21 + 15*b - 5 + b**3 - 13*b**2 + 24*b**2. Is h(-9) composite?
False
Let d be (15 - 17)*2/(-1). Is 6572/12 + d/(-6) composite?
False
Suppose -5*p + 2 = -s, 5*s = 2*p - p + 14. Let r = p + 0. Is 161/21*3/r prime?
True
Let u(f) = 4*f**2 - 3*f + 5*f - f**2 - 3. Is u(-4) prime?
True
Let r(g) = g**3 + 11*g**2 + 6*g + 23. Is r(-9) composite?
False
Suppose -3348 = -3*p + 3*x, p + p + 2*x - 2228 = 0. Is p prime?
False
Let x(m) = 3*m**3 + 1. Let y be x(1). Suppose 0 = y*c + 5*t - 171, -2*t + 137 = -c + 4*c. Is c composite?
True
Is 1/((-2227)/1486 - (-3)/2) a composite number?
False
Let b(j) = -j - 1. Let s(y) = y. Let c(z) = b(z) + 2*s(z). Let v be c(3). Suppose 65 = f - v. Is f composite?
False
Let s(u) = u**3 - 6*u**2 - 6*u. Let w be s(7). Suppose c + 3 - w = 0. Is c/(-6)*(-636)/8 a composite number?
False
Let n be (-3)/12 - (-34)/8. Let s = 9 - n. Suppose -2*v = -3*q + v + 246, 4*q + s*v - 283 = 0. Is q prime?
False
Is (52/16 - 3)*9748 prime?
True
Suppose 3*b = -0*b + 3*s - 276, 4*b - 2*s + 362 = 0. Let q = 46 - 82. Let t = q - b. Is t composite?
False
Let s(v) = v**2 + 4*v - 4. Let a be s(-4). Is (-2 - -4)*(-106)/a a prime number?
True
Let l = -7764 + 10991. Is l composite?
True
Is (2 + 261)*8/8 a composite number?
False
Let u(z) = z**2 + 15*z + 9. Is u(-22) a prime number?
True
Let l = 1494 + -699. Let p be (8/(-5))/((-6)/l). Let k = p + -117. Is k a composite number?
True
Let u = 4 - 2. Suppose -k = -u*k - 5885. Is k/(-45) + (-2)/(-9) composite?
False
Let x(y) = -6*y**3 + 6*y**2 - 7. Let m(k) = -7*k**3 + 6*k**2 + k - 8. Let t(s) = -5*m(s) + 6*x(s). Let d be t(5). Is ((-1)/(-1))/(d/(-238)) a composite number?
True
Let p be 3 + -1 + (2 - -1). Suppose 2*l = j - 0 + p, l - 3*j + 10 = 0. Suppose l*y = -165 + 720. Is y prime?
False
Let g(v) = -v**3 + 6*v**2 - 5*v - 2. Let t be g(5). Is (8 + -6)*(-89)/t prime?
True
Let u = -1017 + 3068. Is u a prime number?
False
Suppose 0 = q - 3*m - 93 - 323, 0 = 5*q - m - 2094. Is q prime?
True
Let q = 0 - -22. Suppose j + 11 = q. Is j a composite number?
False
Suppose 0 = -4*n - n, 3*g = -n + 1893. Is g a prime number?
True
Suppose -2203 + 78 = -5*q + 5*r, q - 2*r - 425 = 0. Suppose -3*x = 2*x - q. Is x composite?
True
Let y be (-4)/6 + (-6590)/15. Let o be (3 - 1) + (8 - y). Suppose -4*c - 62 = -o. Is c a composite number?
False
Let x(h) = -7*h - 4. Let o be 231/49 + 2/7. Let y be x(o). Let w = 52 - y. Is w composite?
True
Let f(s) be the second derivative of -s**3 - s**2/2 + s. Let y be f(-1). Suppose y*j - 92 - 93 = 0. Is j prime?
True
Let i(v) = 14*v + 18. Let k(h) be the second derivative of 5*h**3/6 + 3*h**2 + 3*h. Let u(t) = 4*i(t) - 11*k(t). Is u(8) a composite number?
True
Let p(k) be the second derivative of 7*k**4/12 - k**3 + 3*k**2 + 5*k. Is p(-11) a prime number?
True
Let q(v) = v**3 + 7*v**2 - 4*v - 3. Let r be q(-6). Suppose 0 = -2*y + 4*y. Suppose -2*i + 101 + r = y. Is i a composite number?
False
Let f(j) = j - 3. Let i be f(5). Let s be 10 - (-1 - 0)*i. Is (3/4)/(1/s) a composite number?
True
Is (-7611)/(-7) - 6/21 prime?
True
Let i be (-30)/(-3)*34/4. Let n = 30 - i. Is n/(-4) - 